of m(8)?
3, 61
Let k = 2367 + -1762. List the prime factors of k.
5, 11
Let i be (-50)/(-180)*99*(-2)/(-5). Let j(x) = 7*x - 3. Let v be j(2). List the prime factors of v/i*(-17)/(-1).
17
Let a be (-375)/(-45)*2/5*-3. Let r = a + -81. List the prime factors of (-6162)/r - 2/(-7).
2, 17
Suppose -24 = 64*n - 72*n. Let o be 1/(-2*1/(-6)). Suppose -r + 0*r + 100 = o*s, -104 = -n*s + r. List the prime factors of s.
2, 17
Suppose -f + 17869 + 10966 = z, z + 5*f = 28819. What are the prime factors of z?
3, 9613
Suppose 0*o - 7*o + 3423 = 0. Suppose 0 = 12*p - 15*p + o. List the prime factors of p.
163
Suppose 21 = 7*i - 0. Let q be (0 + 0)*-1*(-8)/24. Suppose 2*x + 306 = 2*s, -i*x = 9 - q. List the prime factors of s.
2, 3, 5
Let p(x) = 187*x**3 + x**2 + 6*x - 1. Let h(b) = -b**3 + b**2 + b. Let r(s) = -3*h(s) + p(s). What are the prime factors of r(1)?
2, 5, 19
Suppose -2*v = -5*y - 45763, 2*y + 9 = -1. List the prime factors of v.
3, 7, 11
Let y(l) = l**3 + 5*l - 3. Let x be y(1). List the prime factors of (312/65)/(x/90).
2, 3
Let y(o) = o**3 + 26*o**2 + 42*o + 42. What are the prime factors of y(20)?
2, 31, 311
Let y(q) = -16*q**2 + 9*q - 25. Let z(h) = -15*h**2 + 6*h - 26. Let j(g) = 3*y(g) - 4*z(g). What are the prime factors of j(-6)?
443
Let h = -2941 - -19317. List the prime factors of h.
2, 23, 89
Suppose 0 = 2*q, -13*y + 11*y + 170 = -2*q. Suppose 87*s = y*s + 1154. What are the prime factors of s?
577
Let l = 134 - 125. List the prime factors of l - -201 - (2 + -1).
11, 19
Let d be ((-9)/(-6))/(-4 - (-15052)/3760). Let h = d + -122. List the prime factors of h.
2, 3, 29
Let g = -379 - -358. Let h = g + 667. List the prime factors of h.
2, 17, 19
Let b be (-12)/(-3) + -2 + 13. Suppose 10*m + 1206 = b*m - t, -5*t = 5. What are the prime factors of m?
241
Let p(w) = -2*w + 20. Let k be p(8). Suppose -k*l + 0*l = 12. List the prime factors of 1*((-245)/l + 6/(-9)).
3
Suppose 32*a - 36*a + 2372 = 0. Let x = 909 - a. What are the prime factors of x?
2, 79
Suppose -2*h = -2*x + 18, -7 = -4*x - 4*h + 29. List the prime factors of 3/x - 15283/(-51).
2, 3, 5
Let s = 2 + 1. Let w be s + 6/2 + 1*6. Suppose 14*h = w*h + 408. List the prime factors of h.
2, 3, 17
Let s(j) = 60*j**2 + 176*j + 1893. What are the prime factors of s(-10)?
6133
Let x be (-11)/(-5) + (-6)/30. Let k be (x - 1)/(8/(-8)). What are the prime factors of k - -41 - (-1 + 20/5)?
37
Let v be (-5)/((-5)/8)*(-30)/(-4). Let u be (-15)/v + 27/(-4). Let c = 92 + u. List the prime factors of c.
5, 17
Suppose -190135 = -3*v + 2*w, 0 = -3*v + 424*w - 423*w + 190142. List the prime factors of v.
241, 263
Suppose 6752 = 49*x - 45*x. Suppose -7*i + x = 162. List the prime factors of i.
2, 109
Let i(d) = d**2 - 62*d - 21. Let h be i(26). Let k = h + 2082. List the prime factors of k.
3, 5
Let z(c) = -2*c**3 + 5*c**2 + c + 2. Let d be z(3). Let r be d/(-34) - (-20735)/187. Suppose -1050 = -9*t + r. List the prime factors of t.
3, 43
Suppose -12 = 2*x + 5*q, -22*x + 26*x + 3*q + 10 = 0. What are the prime factors of (-88186)/(-70) - x/5?
2, 3, 5, 7
Let u(l) = -l**2 - 65*l - 202. Let v be u(-55). Suppose k - 537 = v. List the prime factors of k.
3, 5, 59
Suppose -204 - 816 = -15*k. Let w = 209 - k. List the prime factors of w.
3, 47
Let h be (2/8*0)/2 - -3. Let r(i) = 11*i**3 - i**2 - 7*i. List the prime factors of r(h).
3, 89
Let h be -2 - (-65)/10 - (-6)/4. Let p = h - -278. Suppose -18*r + p = -14*r. List the prime factors of r.
71
Let q(w) = 85*w - 1058. What are the prime factors of q(14)?
2, 3, 11
Let w(h) = 1275*h**3 - 2*h**2 + 9*h - 3. List the prime factors of w(2).
59, 173
Suppose 17*a = -32*a + 2*a + 23547. List the prime factors of a.
3, 167
Suppose -5*o = j - 9882 - 39615, -39597 = -4*o - j. What are the prime factors of o?
2, 3, 5, 11
What are the prime factors of (-28)/8*((-8)/((-48)/(-18)) - 2727)?
3, 5, 7, 13
Suppose 61*n - 43628 = 32493 + 1769312. What are the prime factors of n?
30253
What are the prime factors of (-3)/(-5) + 0 - ((-1468752)/80 - -11)?
59, 311
Let h(t) = t**3 - 92*t**2 - 59*t + 352. What are the prime factors of h(93)?
2, 7, 251
Suppose 0 = -185*l + 3*l + 1392309 + 1735543. What are the prime factors of l?
2, 13, 661
List the prime factors of (-15081345)/(-1425) + 6/10.
2, 3, 7
Suppose -54*w - 5068 = -h - 49*w, 4*h - 20157 = -3*w. What are the prime factors of h?
3, 41
Suppose 2*d + 0*d = 30. Suppose 5*m - 2*m = d. Suppose -m*z - z + 84 = 0. List the prime factors of z.
2, 7
Let g(b) = 21*b**2 + 11*b - 6. Let a be g(7). Let k = 1951 - a. What are the prime factors of k?
23, 37
Let t = -355 - -359. Suppose -5*k + 1393 = -2*h, t*h = -51*k + 47*k + 1120. List the prime factors of k.
3, 31
Suppose -17917 = 18*f - 207691. What are the prime factors of f?
13, 811
Let u(s) = s**2 + 10*s + 5. Let z be u(-10). Suppose -67*w + 60*w + 1316 = 0. Suppose z*m - 2*f - 880 = 96, -m + w = -4*f. List the prime factors of m.
2, 7
List the prime factors of -13 + 6620 + 13 + -2.
2, 3, 1103
Let g(o) = -o**2 + o. Let d(l) = 556*l**3 + 13*l**2 - 12*l - 2. Let j(n) = d(n) + 6*g(n). List the prime factors of j(1).
3, 5, 37
Let k(o) = 77*o**3 + 9*o - 9. Let n be (-16)/(-104) + 22/26. List the prime factors of k(n).
7, 11
Suppose 33*p - 32*p = -537. List the prime factors of -2 - (3/2 - p/(-6)).
2, 43
Let o(p) = -1099*p - 2975. List the prime factors of o(-22).
7, 13, 233
Let i(w) = -10*w**2 + 3*w - 1. Let x(s) = 49*s**2 - 14*s + 6. Let o(l) = -11*i(l) - 2*x(l). Let m be o(4). List the prime factors of 2 + 6/(-4) - m/(-2).
2, 43
Let h = -48821 + 92741. What are the prime factors of h?
2, 3, 5, 61
Let s(c) = -c**2 + 26*c - 2. Let o be s(7). Let m = o - 70. List the prime factors of m.
61
Let j(i) = -i**2 + 20*i - 3. Let d be j(15). Let y = d + 12. List the prime factors of y.
2, 3, 7
Suppose -540*z = -579*z + 56043. List the prime factors of z.
3, 479
Let m be (-3 - 7/21)/((-2)/1398). Suppose -p = 4*g - 457, 6*p = p - 5*g + m. What are the prime factors of p?
7, 67
Let p be (-2)/(-10) - (-646)/95. Suppose -t = p*t. Suppose 0 = -2*c - 4*v + 118, 16*v - 15*v + 2 = t. List the prime factors of c.
3, 7
Suppose -9912*z + 908453 = -9821*z. List the prime factors of z.
67, 149
Let d(n) = n**3 + n**2 - n. Let b be d(1). Let y be 14/(-91) - (11 + (-1106)/91). List the prime factors of 204 + (y - b) - (4 + -2).
2, 101
Suppose 4*k = -f + 11 + 50, 4 = -4*k. Let m = -5814 - -5975. Suppose 2*t - y + f = 387, 0 = -t - 5*y + m. What are the prime factors of t?
7, 23
Let b be -5*(3 + 17)*(-108)/10. Suppose 10*t - 4*t - b = 0. List the prime factors of t/(-8)*(1 + -3).
3, 5
Suppose -3*b + 25 = 2*f + 2*f, 2*f = -b + 9. Let p be 672/b*3/(-6). What are the prime factors of ((-12)/(-10))/(p/(-2720))?
2, 17
Suppose w + 14*w = -2*w + 88587. What are the prime factors of w?
3, 193
Let j(o) = -3*o - 50. Let v be j(-17). List the prime factors of (1050*v)/5 + -5.
5, 41
Let j(y) = -837*y**3 + 7*y**2 + 6*y. Let z = 9 + -10. What are the prime factors of j(z)?
2, 419
Let n be (6/(-6))/(3/(-18)). Suppose 828 = n*g - 72. What are the prime factors of g?
2, 3, 5
Suppose 51*a = 40*a - 66. List the prime factors of a/(-15)*(-6315)/(-6).
421
Let r = 13281 + -7074. What are the prime factors of r?
3, 2069
List the prime factors of ((-120)/(-400))/(3/91830).
3, 3061
Suppose -164*w + 394112 + 10496 = -324372. What are the prime factors of w?
5, 7, 127
Let a(w) = w**3 + 17*w**2 - 22*w - 70. Let c be a(-18). Suppose 0*g - 5*m = c*g - 642, -3*g = 3*m - 954. List the prime factors of g.
2, 79
Suppose 16 - 3600 = -8*p. Suppose 4*b + 4*v - p = 0, 4*v = 3*v + 5. What are the prime factors of b?
107
Suppose 696 = -2*r + 4*h, -2*h = h + 12. Let b(z) = 2*z**2 + 12*z + 21. Let c be b(13). Let i = r + c. List the prime factors of i.
3, 53
Suppose -5*x = 5*v - 102260, 417*x - 419*x - 3*v + 40910 = 0. List the prime factors of x.
2, 10223
Suppose 14*u - 16*u = -19932. List the prime factors of ((-4)/6)/(11/(u/(-4))).
151
Suppose 386*d = 390*d - 15872. What are the prime factors of d?
2, 31
Let d(o) = -o + 5. Let b be d(1). Suppose -3*m - b*y = y - 1207, -2*m + 4*y + 812 = 0. List the prime factors of m.
2, 101
Let v(t) = 7*t + 93. Let c be v(-13). List the prime factors of (-148120)/(-600) + 0 + c/15.
13, 19
Suppose 9*x + 6097 = 16*x. Sup